{"id":25343,"date":"2022-12-30T05:45:55","date_gmt":"2022-12-30T04:45:55","guid":{"rendered":"http:\/\/www.baumelesmessieurs.fr\/?page_id=25343"},"modified":"2022-12-30T05:45:55","modified_gmt":"2022-12-30T04:45:55","slug":"cluny-et-les-sites-clunisiens-candidature-au-patrimoine-mondial","status":"publish","type":"page","link":"https:\/\/abbayebaumelesmessieurs.fr\/blm\/cluny-et-les-sites-clunisiens-candidature-au-patrimoine-mondial\/","title":{"rendered":"Cluny et les sites clunisiens \u2013 Candidature au patrimoine mondial"},"content":{"rendered":"<p><img loading=\"lazy\" decoding=\"async\" class=\"alignright wp-image-25422 size-full\" src=\"http:\/\/www.baumelesmessieurs.fr\/wp-content\/uploads\/csc.jpg\" alt=\"\" width=\"388\" height=\"778\" \/><\/p>\n<h2>Mot du responsable de la candidature<\/h2>\n<p><strong>La F\u00e9d\u00e9ration Europ\u00e9enne des Sites Clunisiens f\u00e9d\u00e8re aujourd\u2019hui une centaine de sites dont l\u2019histoire est li\u00e9e \u00e0 celle de l\u2019abbaye de Cluny. Apr\u00e8s 27 ans d\u2019existence, les Sites Clunisiens ont lanc\u00e9 une r\u00e9flexion visant \u00e0 l\u2019inscription de cet ensemble sur la Liste du Patrimoine Mondial de l\u2019UNESCO.<\/strong><\/p>\n<p>Le 1er juillet 2022, lors de l\u2019assembl\u00e9e g\u00e9n\u00e9rale qui s\u2019est tenue \u00e0 Ch\u00e2teauroux, ce travail pr\u00e9paratoire a abouti au lancement de la candidature. L\u2019objectif est d\u2019inscrire les sites clunisiens les plus remarquables \u2013 dont nous pensons que Baume-les-Messieurs fait partie &#8211; au Patrimoine mondial de l\u2019Humanit\u00e9.<\/p>\n<p>Cette liste atteste d\u2019un r\u00e9seau bien structur\u00e9 de monast\u00e8res et de lieux qui, d\u00e9pendant de Cluny, sont diss\u00e9min\u00e9s dans toute l\u2019Europe. L\u2019histoire de l\u2019Ordre clunisien s\u2019\u00e9tend du X\u00e8me au XVIII\u00e8me si\u00e8cle, celui-ci ayant exerc\u00e9 une influence notable sur la culture et l\u2019identit\u00e9 europ\u00e9ennes.<\/p>\n<p>Les comit\u00e9s locaux et les comit\u00e9s territoriaux ont la charge de collecter la documentation n\u00e9cessaire \u00e0 l\u2019\u00e9laboration d\u2019un dossier d\u00e9finitif \u00e9labor\u00e9 par le bureau de r\u00e9daction.<\/p>\n<p>La candidature sera ensuite port\u00e9e par la F\u00e9d\u00e9ration, avec le concours des diff\u00e9rents comit\u00e9s locaux et territoriaux, comme un ensemble s\u00e9riel et transnational correspondant \u00e0 un fait culturel coh\u00e9rent. L\u2019objectif ultime est l\u2019inscription, autour de l\u2019ann\u00e9e 2026.<\/p>\n<h2>Mot du r\u00e9dacteur<\/h2>\n<p><strong>Le dossier de candidature au Patrimoine Mondial comprend trois axes, Valeurs Universelles et Exceptionnelles, documentation et socialisation. <\/strong><\/p>\n<p>Sa pr\u00e9paration nous a donn\u00e9 l\u2019occasion de r\u00e9aliser une mise \u00e0 jour de l&rsquo;histoire de Baume-les-Messieurs sous tous les aspects et dans les moindres d\u00e9tails, \u00e0 partir d&rsquo;une bibliographie proche de l\u2019exhaustivit\u00e9.<\/p>\n<p>L\u2019histoire de notre monast\u00e8re est intrins\u00e8quement li\u00e9e \u00e0 un lieu remarquable et spectaculaire. Par sa g\u00e9ologie, sa faune et sa flore, Balma est l\u2019\u00e9crin de nature pr\u00e9serv\u00e9e dans lequel s\u2019est implant\u00e9e une communaut\u00e9 monastique \u00e0 une date que nous ignorons. La fondation de Cluny, au d\u00e9but du X\u00e8me si\u00e8cle, change radicalement le destin du monast\u00e8re, Bernon mettant en \u0153uvre la volont\u00e9 du Duc d\u2019Aquitaine, Odon jetant les bases de l\u2019Ordre clunisien.<\/p>\n<p>La candidature des Sites clunisiens au Patrimoine Mondial est une opportunit\u00e9 de mettre en valeur le monast\u00e8re et d\u2019impliquer les habitants dans la valorisation de leur Patrimoine.<\/p>\n<p><strong>M. Jordane Fauvey<\/strong><\/p>\n<h2>Composition de l\u2019\u00e9quipe<\/h2>\n<p>M. Serge MOREAU &#8211; Maire de Baume-les-Messieurs<\/p>\n<p>M. Emmanuel BEFFY &#8211; Coordonnateur du comit\u00e9 local<\/p>\n<p>M. Patrick BOUDOUX (Troisi\u00e8me adjoint), M. S\u00e9bastien BULLY (Arch\u00e9ologue CNRS), M. Guillaume FRANCOIS (Naturaliste), M. Christian FURIA (Guide conf\u00e9rencier), Mme Patricia GUYARD (Directrice des Archives d\u00e9partementales du Jura), Mme Aude LEROY-DUROST (Chef de service adjointe Culture et Patrimoine &#8211; Conseil d\u00e9partemental du Jura), M. Ren\u00e9 LOCATELLI (Professeur \u00c9m\u00e9rite de l\u2019universit\u00e9 de Franche-Comt\u00e9), M. Valentin MARCHAND (Secr\u00e9taire g\u00e9n\u00e9ral de Baume-les-Messieurs), M. G\u00e9rard MOYSE (Archiviste) &amp; Mme Am\u00e9lie Sabanovic (Naturaliste).<\/p>\n<h2>Mot de Monsieur le Maire<\/h2>\n<p><strong>Baume-les-Messieurs est d\u2019abord un site g\u00e9ographique exceptionnel et unique que d\u00e9signe le terme de \u00ab recul\u00e9e \u00bb pour une vall\u00e9e \u00e9troite se terminant par un cirque, une sorte de bout du monde d\u2019o\u00f9 jaillit une source. <\/strong><\/p>\n<p>Situ\u00e9 au carrefour de trois vall\u00e9es, dans un \u00e9crin de verdures, de falaises vertigineuses et d\u2019eau, avec ses ruisseaux, cascades et rivi\u00e8res, se cache la beaut\u00e9 d\u2019une abbaye b\u00e9n\u00e9dictine.<\/p>\n<p>Propice \u00e0 la spiritualit\u00e9 et \u00e0 la qui\u00e9tude, il n\u2019est pas \u00e9tonnant que ce site prot\u00e9g\u00e9 et isol\u00e9 ait \u00e9t\u00e9 choisi pour fonder une cit\u00e9 monastique dont les origines remontent bien avant les premiers \u00e9crits de l\u2019an 869. Au c\u0153ur de for\u00eats, avec l\u2019eau, la pierre et le bois, le lieu disposait des \u00e9l\u00e9ments vitaux \u00e0 la vie quotidienne d\u2019une communaut\u00e9.<\/p>\n<p><strong><a href=\"http:\/\/www.baumelesmessieurs.fr\/wp-content\/uploads\/Mot_du_maire.pdf\" target=\"_blank\" rel=\"noopener\">&gt;T\u00e9lecharger la suite.. (PDF)<\/a><\/strong><\/p>\n<hr \/>\n<h2>VUE : Valeurs Universelles Exceptionnelles<\/h2>\n<p><strong>Nous avons choisi de positionner par ordre chronologique nos atouts <\/strong><strong>mat\u00e9riels et immat\u00e9riels les plus forts.<\/strong><\/p>\n<h3>A.1.<\/h3>\n<p><strong>Item n\u00b01. B\u00e2ti pr\u00e9serv\u00e9 et int\u00e8gre<\/strong><\/p>\n<p>L\u2019abbaye de Baume-les-Messieurs offre un ensemble int\u00e8gre, conforme \u00e0 l\u2019aspect m\u00e9di\u00e9val m\u00eame si toutes les parties ne remontent pas au Moyen-Age. Donjon, chambres de guet dans l\u2019\u00e9paisseur du mur, porterie, h\u00f4tellerie, celliers, logement de l\u2019abb\u00e9, \u00e9glise, cuisines et r\u00e9fectoire, dortoirs, salle capitulaire, infirmerie, toutes ces parties sont signal\u00e9es, plus ou moins anciennes et dans des \u00e9tats divers.<\/p>\n<p><strong><a href=\"http:\/\/www.baumelesmessieurs.fr\/wp-content\/uploads\/1.jpg\"><img loading=\"lazy\" decoding=\"async\" class=\"alignright wp-image-25385 size-full\" src=\"http:\/\/www.baumelesmessieurs.fr\/wp-content\/uploads\/1.jpg\" alt=\"\" width=\"132\" height=\"376\" \/><\/a>Item n\u00b03. Vitraux d\u00e9couverts en 2011-2012<\/strong><\/p>\n<p>Il s\u2019agit d\u2019un lot de 1574 fragments de verre color\u00e9 provenant de vitraux mosa\u00efques. Les fragments \u00e9taient contenus dans une couche de d\u00e9molition provenant d\u2019un \u00e9difice incendi\u00e9 (verres fondus, claveau de tuf et moellons rub\u00e9fi\u00e9s, charbons de bois en grande quantit\u00e9, etc.). (\u2026) L\u2019analyse C14 r\u00e9alis\u00e9e sur un charbon de bois pr\u00e9lev\u00e9 dans cette m\u00eame couche de d\u00e9molition et la stratigraphie plaident pour une datation haute, dans le dernier quart du VIII\u00e8me si\u00e8cle. Ce lot appara\u00eet d\u2019ores et d\u00e9j\u00e0 comme l\u2019un des plus importants, quantitativement et qualitativement, pour le haut Moyen \u00c2ge en Europe, mais surtout, il nous apprend que le Baume du VIII\u00e8me si\u00e8cle \u00e9tait d\u00e9j\u00e0 dot\u00e9 d\u2019un \u00e9difice richement d\u00e9cor\u00e9 de vitraux dont on peine \u00e0 imaginer qu\u2019il ne puisse s\u2019agir d\u2019un \u00e9difice de culte. Une proposition de restitution des motifs g\u00e9om\u00e9triques des vitraux du haut Moyen \u00c2ge a \u00e9t\u00e9 r\u00e9alis\u00e9e par S. Bully et M. \u010cau\u0161evi\u0107-Bully.<\/p>\n<p><strong>Item n\u00b05. Donjon<\/strong><\/p>\n<p>La construction de la tour s&rsquo;inscrit dans un contexte plus large de fortification des \u00e9tablissements monastiques. Nous avons la chance de poss\u00e9der un donjon m\u00e9di\u00e9val int\u00e8gre.<\/p>\n<p><a href=\"http:\/\/www.baumelesmessieurs.fr\/wp-content\/uploads\/2.jpg\"><img loading=\"lazy\" decoding=\"async\" class=\"size-full wp-image-25386 aligncenter\" src=\"http:\/\/www.baumelesmessieurs.fr\/wp-content\/uploads\/2.jpg\" alt=\"\" width=\"846\" height=\"594\" \/><\/a><\/p>\n<p><strong>Item n\u00b07. Site naturel spectaculaire, g\u00e9ologie, faune, flore<\/strong><\/p>\n<p>La recul\u00e9e de Baume-les-Messieurs est le parfait exemple d\u2019entaille op\u00e9r\u00e9e dans un plateau calcaire \u00e0 couches horizontales. Fortement incis\u00e9e dans le plateau elle pr\u00e9sente des flancs abrupts dans les deux tiers amont de son d\u00e9veloppement. Tr\u00e8s digit\u00e9e, elle se divise en deux bras majeurs, chacun d\u2019entre eux d\u00e9bouchant sur plusieurs cirques plus ou moins imposants. Les falaises de Baume-les-Messieurs regorgent d\u2019une grande richesse ornithologique.<\/p>\n<p><a href=\"http:\/\/www.baumelesmessieurs.fr\/wp-content\/uploads\/3.jpg\"><img loading=\"lazy\" decoding=\"async\" class=\"wp-image-25387 size-full aligncenter\" src=\"http:\/\/www.baumelesmessieurs.fr\/wp-content\/uploads\/3.jpg\" alt=\"\" width=\"802\" height=\"522\" \/><\/a><\/p>\n<p>Plusieurs esp\u00e8ces de chiropt\u00e8res sont pr\u00e9sentes \u00e0 Baume-les-Messieurs. Au coeur des rivi\u00e8res du Dard et de la Seille deux esp\u00e8ces bioindicatrices de l\u2019\u00e9tat des cours d\u2019eau affectionnent ces rivi\u00e8res pour leurs eaux courantes et de bonne qualit\u00e9 : la Truite fario et l\u2019\u00e9crevisse \u00e0 pattes blanches. Le site couvre le territoire d\u2019un couple de Lynx bor\u00e9al, esp\u00e8ce class\u00e9e en danger d\u2019extinction en France.<\/p>\n<p>Bien que la flore sauvage des recul\u00e9es ne compte pas d\u2019esp\u00e8ces prot\u00e9g\u00e9es au niveau europ\u00e9en, il sera toutefois fait une \u00e9vocation rapide des \u00e9l\u00e9ments v\u00e9g\u00e9taux les plus remarquables. Nombre d\u2019entre eux se trouvent en effet dans des habitats d\u2019int\u00e9r\u00eat communautaire (habitats inscrits en annexe I de la Directive Habitats, n\u00e9cessitant donc une protection stricte). Les recul\u00e9es comptent \u00e0 l\u2019heure actuelle huit plantes prot\u00e9g\u00e9es au niveau r\u00e9gional.<\/p>\n<p>Vincent Bichet et Michel Campy, Montagnes du Jura. G\u00e9ologie et paysages, Paris, NeO, 2008, p. 170.<\/p>\n<h3>A2.<\/h3>\n<p><strong><a href=\"http:\/\/www.baumelesmessieurs.fr\/wp-content\/uploads\/4.jpg\"><img loading=\"lazy\" decoding=\"async\" class=\"alignright wp-image-25388 size-thumbnail\" src=\"http:\/\/www.baumelesmessieurs.fr\/wp-content\/uploads\/4-150x150.jpg\" alt=\"\" width=\"150\" height=\"150\" \/><\/a>Item n\u00b08. Pilier d\u2019Alb\u00e9ric<\/strong><\/p>\n<p>Sur les deux parties planes se trouvaient grav\u00e9es en majuscules romaines etonciales deux inscriptions, dont l\u2019une a totalement disparue sous l\u2019effet de l\u2019\u00e9rosion ; nous en connaissons heureusement une transcription (d\u00e9fectueuse) du XVIII\u00e8me si\u00e8cle dont voici le sens. \u00ab Ce monument t\u00e9moigne combien l\u2019abb\u00e9 Aubri a eu \u00e0 coeur, O Christ, de te faire un don : puisses-tu l\u2019agr\u00e9er favorablement. Et toi qui lis cette inscription, conserve le souvenir de l\u2019abb\u00e9 Aubri. \u00bb Suivait alors l\u2019inscription latine que nous pouvons encore d\u00e9chiffrer sur la face grav\u00e9e de la colonne et qui dit : ABBAS ALBRICUS QUOD DAT TIBI SUSCIPE MUNUS PETRE, STRUENDO DOMUM, FAMULI NE DESPICE DONUM. QUI LEGIS, HEC DICAS : ABBAS IN PACE, QUIESCAS. \u00ab Re\u00e7ois, \u00f4 Pierre, le don que te fait l\u2019abb\u00e9 Aubri en construisant cette demeure ; ne d\u00e9daigne pas le pr\u00e9sent d\u2019un serviteur. Et toi qui lis cette inscription, dis : abb\u00e9, repose en paix. \u00bb<\/p>\n<p><strong>Item n\u00b010. Statue de Saint Michel psychopompe <\/strong><\/p>\n<p>Attribu\u00e9e \u00e0 Claus de Werve, \u00c9cole bourguignonne du deuxi\u00e8me quart du XV\u00e8me si\u00e8cle. De sa main droite lev\u00e9e tenant une lance, saint Michel transperce la gueule d&rsquo;un dragon ail\u00e9 ; il pose son pied sur les \u00e9paules du monstre pour le maintenir fermement au sol. Sur son \u00e9paule gauche, est assise l&rsquo;\u00e2me d&rsquo;un abb\u00e9 en pri\u00e8re, \u00e0 demi-nu, coiff\u00e9 d&rsquo;une mitre et portant une crosse et dont les jambes sont prot\u00e9g\u00e9es par l&rsquo;avantbras de l&rsquo;archange, repli\u00e9 vers la poitrine.<\/p>\n<p><a href=\"http:\/\/www.baumelesmessieurs.fr\/wp-content\/uploads\/5.jpg\"><img loading=\"lazy\" decoding=\"async\" class=\"size-full wp-image-25389 aligncenter\" src=\"http:\/\/www.baumelesmessieurs.fr\/wp-content\/uploads\/5.jpg\" alt=\"\" width=\"370\" height=\"502\" \/><\/a><\/p>\n<p><strong>Item n\u00b011 bis. Retable anversois <\/strong><\/p>\n<p>Le retable d\u00e9di\u00e9 \u00e0 la Passion du Christ est toujours en place sur le ma\u00eetre autel. Construit entre 1535 et 1540, c\u2019est un des plus grands mod\u00e8les anversois connus et certainement un des mieux conserv\u00e9s. Ses lacunes sont peu nombreuses. Enfin la caisse, les volets et la pr\u00e9delle sont d\u2019origine.<\/p>\n<p><a href=\"http:\/\/www.baumelesmessieurs.fr\/wp-content\/uploads\/6.jpg\"><img loading=\"lazy\" decoding=\"async\" class=\"wp-image-25390 size-full aligncenter\" src=\"http:\/\/www.baumelesmessieurs.fr\/wp-content\/uploads\/6.jpg\" alt=\"\" width=\"630\" height=\"420\" \/><\/a><\/p>\n<p><strong>Item n\u00b012. Collection d\u2019\u00e9toffes, de reliques et d\u2019authentiques <\/strong><\/p>\n<p><a href=\"http:\/\/www.baumelesmessieurs.fr\/wp-content\/uploads\/7.jpg\"><img loading=\"lazy\" decoding=\"async\" class=\" wp-image-25391 alignright\" src=\"http:\/\/www.baumelesmessieurs.fr\/wp-content\/uploads\/7.jpg\" alt=\"\" width=\"135\" height=\"101\" \/><\/a>Parmi les objets, l\u2019aum\u00f4ni\u00e8re et le manipule de saint D\u00e9sir\u00e9, un cachet d\u2019oculiste romain \u00e9gar\u00e9 parmi les reliques, des morceaux d\u2019\u00e9toffes et de broderies aux ins vari\u00e9s, et de nombreux authentiques de l\u2019\u00e9poque m\u00e9rovingienne.<\/p>\n<p><strong><a href=\"http:\/\/www.baumelesmessieurs.fr\/wp-content\/uploads\/8.jpg\"><img loading=\"lazy\" decoding=\"async\" class=\" wp-image-25392 alignleft\" src=\"http:\/\/www.baumelesmessieurs.fr\/wp-content\/uploads\/8.jpg\" alt=\"\" width=\"103\" height=\"134\" \/><\/a>Item n\u00b012. <\/strong><\/p>\n<p>Croix carolingienne Cette pi\u00e8ce d\u2019orf\u00e8vrerie est de style dit animalier ou Tassilo pr\u00e9coce. Les\u00a0 sp\u00e9cialistes proposent une datation dans la deuxi\u00e8me moiti\u00e9 du VIII\u00e8me si\u00e8cle. La croix de Baume de petites dimensions (7,3 cm max) est dot\u00e9e d\u2019une hampe pouvant \u00eatre fich\u00e9e dans le couvercle d\u2019un reliquaire.<\/p>\n<h3>A3.<\/h3>\n<p><strong>Item n\u00b013. Tombeaux, dalles fun\u00e9raires<\/strong><\/p>\n<p>Les tombeaux constituent un centre d\u2019int\u00e9r\u00eat d\u00e9j\u00e0 estim\u00e9 au XIX\u00e8me si\u00e8cle ainsi que l\u2019atteste la visite de Z\u00e9phirin Robert, en 1834. La chapelle comprend trois tombeaux des XIV\u00e8me et XV\u00e8me si\u00e8cle ainsi que le couvercle &#8211; gisant de celui de Mahaut de Chalon, rapport\u00e9 d\u2019un monast\u00e8re disparu, l\u2019abbaye du Sauvement. Ces tombeaux pr\u00e9sentent des d\u00e9cors riches et vari\u00e9s, en particuliers des pleurants et des textes.<\/p>\n<p><a href=\"http:\/\/www.baumelesmessieurs.fr\/wp-content\/uploads\/12.jpg\"><img loading=\"lazy\" decoding=\"async\" class=\"aligncenter wp-image-25384 size-full\" src=\"http:\/\/www.baumelesmessieurs.fr\/wp-content\/uploads\/12.jpg\" alt=\"\" width=\"514\" height=\"274\" \/><\/a><\/p>\n<h3>B2.<\/h3>\n<p><strong>Item n\u00b015. Village conforme \u00e0 son implantation m\u00e9di\u00e9vale<\/strong><\/p>\n<p>Dans sa configuration actuelle, le village de Baume-les-Messieurs est conforme \u00e0 son implantation m\u00e9di\u00e9vale.<\/p>\n<p><a href=\"http:\/\/www.baumelesmessieurs.fr\/wp-content\/uploads\/11.jpg\"><img loading=\"lazy\" decoding=\"async\" class=\"aligncenter wp-image-25383 size-full\" src=\"http:\/\/www.baumelesmessieurs.fr\/wp-content\/uploads\/11.jpg\" alt=\"\" width=\"668\" height=\"472\" \/><\/a><\/p>\n<h3>B3.<\/h3>\n<p><strong>Item n\u00b017. Le ch\u00e2teau du Pin<\/strong><\/p>\n<p>Le ch\u00e2teau du Pin fut construit au XIII\u00e8me si\u00e8cle par Jean de Chalon l\u2019Antique sur les terres de l\u2019abb\u00e9 de Baume-les-Messieurs. Contrairement \u00e0 la plupart des ch\u00e2teaux de cette \u00e9poque, il a \u00e9chapp\u00e9 \u00e0 la destruction.<\/p>\n<h3>C2<\/h3>\n<p><strong>Item n\u00b020. Tombeau de Renaud<\/strong><\/p>\n<p>Le tombeau de l\u2019ermite Renaud a \u00e9t\u00e9 d\u00e9grad\u00e9 \u00e0 la R\u00e9volution, toutefois une des faces reste bien lisible. Nous ne poss\u00e9dons plus la ch\u00e2sse qui contenait ses ossements et \u00e9tait approch\u00e9e par les malades en raison de pouvoirs thaumaturgiques suppos\u00e9s.<\/p>\n<p><a href=\"http:\/\/www.baumelesmessieurs.fr\/wp-content\/uploads\/10.jpg\"><img loading=\"lazy\" decoding=\"async\" class=\"aligncenter wp-image-25382 size-full\" src=\"http:\/\/www.baumelesmessieurs.fr\/wp-content\/uploads\/10.jpg\" alt=\"\" width=\"688\" height=\"158\" \/><\/a><\/p>\n<h3>D1<\/h3>\n<p><strong><a href=\"http:\/\/www.baumelesmessieurs.fr\/wp-content\/uploads\/9.jpg\"><img loading=\"lazy\" decoding=\"async\" class=\"alignright wp-image-25393 size-full\" src=\"http:\/\/www.baumelesmessieurs.fr\/wp-content\/uploads\/9.jpg\" alt=\"\" width=\"154\" height=\"178\" \/><\/a>Item n\u00b022. Personnages cl\u00e9s de l\u2019histoire clunisienne : Bernon, Odon, Ald\u00e9grin,<\/strong><br \/>\n<strong>Gunzo<\/strong><\/p>\n<p>\u00c0 Baume ont v\u00e9cu des hommes cl\u00e9s de la gen\u00e8se clunisienne, Bernon le b\u00e2tisseur, Odon le penseur de l\u2019Ordre, Ald\u00e9grin l\u2019inspirateur et enfin Gunzo \u00ab architecte \u00bb de Cluny III.<\/p>\n<h3>E1<\/h3>\n<p><strong>Item n\u00b026. Relation tumultueuse avec Cluny<\/strong><\/p>\n<p>La relation entre Baume et Cluny n\u2019a pas \u00e9t\u00e9 un long fleuve tranquille, tournant parfois \u00e0 l\u2019affrontement de mani\u00e8re rocambolesque. Les archives n\u2019\u00e9tant pas muettes sur ces sujets, bien au contraire, il convenait donc les mettre en \u00e9vidence.<\/p>\n<h3>E2<\/h3>\n<p><strong>Item n\u00b027. Congr\u00e9gation baumoise<\/strong><\/p>\n<p>Baume n\u2019est pas seulement une m\u00e8re devenue fille de Cluny, sa congr\u00e9gation \u00e9tait la plus importante de l\u2019ancien dioc\u00e8se de Besan\u00e7on. L\u2019autre grand \u00e9tablissement monastique \u00e9tait Luxeuil, fondation colombanienne.<\/p>\n<h3>E3<\/h3>\n<p><strong>Item n\u00b028. Fondation de Cluny<\/strong><\/p>\n<p>La fondation de Cluny est le fait majeur de l\u2019histoire de notre monast\u00e8re. Sa mise en \u0153uvre de est confi\u00e9e \u00e0 notre abb\u00e9 Bernon. Apr\u00e8s sa mort, Odon quitte Baume pour prendre sa suite et jette les bases de l\u2019Ordre clunisien.<\/p>\n<hr \/>\n<h2>Plus d&rsquo;infos<\/h2>\n<p><strong>D\u00e9couvrez les sites candidats<\/strong><\/p>\n<p>Les candidatures ont \u00e9t\u00e9 ouvertes le 9 juillet 2021 \u00e0 l&rsquo;occasion d&rsquo;un \u00e9v\u00e9nement qui a r\u00e9uni \u00e0 Charlieu (Loire, France) les repr\u00e9sentants du monde clunisien europ\u00e9en. Les travaux engag\u00e9s par ces sites avec le Bureau de la candidature permettent de constituer la liste qui sera pr\u00e9sent\u00e9e pour inscription sur les Listes indicatives nationales des Etats concern\u00e9s \u00e0 l&rsquo;horizon 2023-2024.<\/p>\n<p><strong><a href=\"https:\/\/candidature-patrimoine-mondial.sitesclunisiens.org\/category-1-0-decouvrez-les-sites-candidats\" target=\"_blank\" rel=\"noopener\">https:\/\/candidature-patrimoine-mondial.sitesclunisiens.org\/category-1-0-decouvrez-les-sites-candidats<\/a><\/strong><\/p>\n","protected":false},"excerpt":{"rendered":"<p>Mot du responsable de la candidature La F\u00e9d\u00e9ration Europ\u00e9enne des Sites Clunisiens f\u00e9d\u00e8re aujourd\u2019hui une centaine de sites dont l\u2019histoire est li\u00e9e \u00e0 celle de l\u2019abbaye de Cluny. Apr\u00e8s 27 ans d\u2019existence, les Sites Clunisiens ont lanc\u00e9 une r\u00e9flexion visant \u00e0 l\u2019inscription de cet ensemble sur la Liste du Patrimoine Mondial de l\u2019UNESCO. Le 1er&#8230;<\/p>\n","protected":false},"author":2,"featured_media":0,"parent":0,"menu_order":0,"comment_status":"closed","ping_status":"closed","template":"","meta":{"_acf_changed":false,"_kad_post_transparent":"","_kad_post_title":"","_kad_post_layout":"","_kad_post_sidebar_id":"","_kad_post_content_style":"","_kad_post_vertical_padding":"","_kad_post_feature":"","_kad_post_feature_position":"","_kad_post_header":false,"_kad_post_footer":false,"footnotes":""},"class_list":["post-25343","page","type-page","status-publish","hentry"],"acf":[],"_links":{"self":[{"href":"https:\/\/abbayebaumelesmessieurs.fr\/blm\/wp-json\/wp\/v2\/pages\/25343","targetHints":{"allow":["GET"]}}],"collection":[{"href":"https:\/\/abbayebaumelesmessieurs.fr\/blm\/wp-json\/wp\/v2\/pages"}],"about":[{"href":"https:\/\/abbayebaumelesmessieurs.fr\/blm\/wp-json\/wp\/v2\/types\/page"}],"author":[{"embeddable":true,"href":"https:\/\/abbayebaumelesmessieurs.fr\/blm\/wp-json\/wp\/v2\/users\/2"}],"replies":[{"embeddable":true,"href":"https:\/\/abbayebaumelesmessieurs.fr\/blm\/wp-json\/wp\/v2\/comments?post=25343"}],"version-history":[{"count":0,"href":"https:\/\/abbayebaumelesmessieurs.fr\/blm\/wp-json\/wp\/v2\/pages\/25343\/revisions"}],"wp:attachment":[{"href":"https:\/\/abbayebaumelesmessieurs.fr\/blm\/wp-json\/wp\/v2\/media?parent=25343"}],"curies":[{"name":"wp","href":"https:\/\/api.w.org\/{rel}","templated":true}]}}