{"id":27479,"date":"2024-08-26T08:46:34","date_gmt":"2024-08-26T07:46:34","guid":{"rendered":"https:\/\/matt.baume39.fr\/blm\/?page_id=27479"},"modified":"2024-12-24T06:08:51","modified_gmt":"2024-12-24T06:08:51","slug":"la-reculee-de-baume-les-messieurs","status":"publish","type":"page","link":"https:\/\/abbayebaumelesmessieurs.fr\/blm\/la-reculee-de-baume-les-messieurs\/","title":{"rendered":"La recul\u00e9e de Baume-les-Messieurs"},"content":{"rendered":"<style>.kb-row-layout-id27479_2c416a-f7 > .kt-row-column-wrap{align-content:start;}:where(.kb-row-layout-id27479_2c416a-f7 > .kt-row-column-wrap) > .wp-block-kadence-column{justify-content:start;}.kb-row-layout-id27479_2c416a-f7 > .kt-row-column-wrap{column-gap:var(--global-kb-gap-md, 2rem);row-gap:var(--global-kb-gap-md, 2rem);padding-top:var(--global-kb-spacing-lg, 3rem);padding-bottom:var(--global-kb-spacing-sm, 1.5rem);grid-template-columns:minmax(0, 2fr) minmax(0, 1fr);}.kb-row-layout-id27479_2c416a-f7 > .kt-row-layout-overlay{opacity:0.30;}@media all and (max-width: 1024px){.kb-row-layout-id27479_2c416a-f7 > .kt-row-column-wrap{grid-template-columns:minmax(0, 2fr) minmax(0, 1fr);}}@media all and (max-width: 767px){.kb-row-layout-id27479_2c416a-f7 > .kt-row-column-wrap{grid-template-columns:minmax(0, 1fr);}}<\/style><div class=\"kb-row-layout-wrap kb-row-layout-id27479_2c416a-f7 alignnone wp-block-kadence-rowlayout\"><div class=\"kt-row-column-wrap kt-has-2-columns kt-row-layout-left-golden kt-tab-layout-inherit kt-mobile-layout-row kt-row-valign-top\">\n<style>.kadence-column27479_f52b9c-cf > .kt-inside-inner-col,.kadence-column27479_f52b9c-cf > .kt-inside-inner-col:before{border-top-left-radius:0px;border-top-right-radius:0px;border-bottom-right-radius:0px;border-bottom-left-radius:0px;}.kadence-column27479_f52b9c-cf > .kt-inside-inner-col{column-gap:var(--global-kb-gap-sm, 1rem);}.kadence-column27479_f52b9c-cf > .kt-inside-inner-col{flex-direction:column;}.kadence-column27479_f52b9c-cf > .kt-inside-inner-col > .aligncenter{width:100%;}.kadence-column27479_f52b9c-cf > .kt-inside-inner-col:before{opacity:0.3;}.kadence-column27479_f52b9c-cf{position:relative;}@media all and (max-width: 1024px){.kadence-column27479_f52b9c-cf > .kt-inside-inner-col{flex-direction:column;}}@media all and (max-width: 767px){.kadence-column27479_f52b9c-cf > .kt-inside-inner-col{flex-direction:column;}}<\/style>\n<div class=\"wp-block-kadence-column kadence-column27479_f52b9c-cf\"><div class=\"kt-inside-inner-col\"><style>.wp-block-kadence-advancedheading.kt-adv-heading27479_b41493-74, .wp-block-kadence-advancedheading.kt-adv-heading27479_b41493-74[data-kb-block=\"kb-adv-heading27479_b41493-74\"]{font-style:normal;}.wp-block-kadence-advancedheading.kt-adv-heading27479_b41493-74 mark.kt-highlight, .wp-block-kadence-advancedheading.kt-adv-heading27479_b41493-74[data-kb-block=\"kb-adv-heading27479_b41493-74\"] mark.kt-highlight{font-style:normal;color:#f76a0c;-webkit-box-decoration-break:clone;box-decoration-break:clone;padding-top:0px;padding-right:0px;padding-bottom:0px;padding-left:0px;}<\/style>\n<h2 class=\"kt-adv-heading27479_b41493-74 wp-block-kadence-advancedheading\" data-kb-block=\"kb-adv-heading27479_b41493-74\">La recul\u00e9e de Baume-les-Messieurs<\/h2>\n\n\n\n<p><strong>La recul\u00e9e de Baume-les-Messieurs, situ\u00e9e dans le Jura, est un exemple remarquable de formation g\u00e9ologique typique des paysages karstiques. <\/strong><\/p>\n\n\n\n<p>Cette vall\u00e9e en cul-de-sac est le r\u00e9sultat d&rsquo;une longue histoire g\u00e9ologique li\u00e9e \u00e0 l&rsquo;\u00e9rosion des plateaux calcaires du massif jurassien.<\/p>\n\n\n<style>.kb-image27479_1203cf-a3 .kb-image-has-overlay:after{opacity:0.3;}<\/style>\n<figure class=\"wp-block-kadence-image kb-image27479_1203cf-a3 size-large\"><img loading=\"lazy\" decoding=\"async\" width=\"1024\" height=\"396\" src=\"https:\/\/abbayebaumelesmessieurs.fr\/wp-content\/uploads\/sites\/4\/2024\/03\/n2-1024x396.jpg\" alt=\"\" class=\"kb-img wp-image-26492\" srcset=\"https:\/\/abbayebaumelesmessieurs.fr\/blm\/wp-content\/uploads\/sites\/4\/2024\/03\/n2-1024x396.jpg 1024w, https:\/\/abbayebaumelesmessieurs.fr\/blm\/wp-content\/uploads\/sites\/4\/2024\/03\/n2-300x116.jpg 300w, https:\/\/abbayebaumelesmessieurs.fr\/blm\/wp-content\/uploads\/sites\/4\/2024\/03\/n2-768x297.jpg 768w, https:\/\/abbayebaumelesmessieurs.fr\/blm\/wp-content\/uploads\/sites\/4\/2024\/03\/n2-500x193.jpg 500w, https:\/\/abbayebaumelesmessieurs.fr\/blm\/wp-content\/uploads\/sites\/4\/2024\/03\/n2-800x309.jpg 800w, https:\/\/abbayebaumelesmessieurs.fr\/blm\/wp-content\/uploads\/sites\/4\/2024\/03\/n2.jpg 1200w\" sizes=\"auto, (max-width: 1024px) 100vw, 1024px\" \/><\/figure>\n\n\n\n<h3 class=\"wp-block-heading\">Formation Karstique<\/h3>\n\n\n\n<p>La recul\u00e9e de Baume-les-Messieurs est form\u00e9e dans une roche calcaire, datant du Jurassique, c&rsquo;est-\u00e0-dire il y a environ 150 millions d&rsquo;ann\u00e9es. Ce calcaire, constitu\u00e9 de d\u00e9p\u00f4ts marins s\u00e9dimentaires, a \u00e9t\u00e9 model\u00e9 par l&rsquo;eau au fil des mill\u00e9naires. L&rsquo;eau de pluie, l\u00e9g\u00e8rement acide en raison du dioxyde de carbone qu&rsquo;elle contient, a lentement dissous le calcaire, cr\u00e9ant un r\u00e9seau complexe de fissures et de cavit\u00e9s souterraines, caract\u00e9ristiques des paysages karstiques.<\/p>\n\n\n\n<h3 class=\"wp-block-heading\">L&rsquo;\u00c9rosion et la Cr\u00e9ation de la Recul\u00e9e<\/h3>\n\n\n\n<p>L&rsquo;\u00e9rosion progressive de ces plateaux calcaires par les rivi\u00e8res et les eaux souterraines a conduit \u00e0 la formation de la recul\u00e9e. \u00c0 Baume-les-Messieurs, la rivi\u00e8re Seille et ses affluents ont jou\u00e9 un r\u00f4le cl\u00e9 dans ce processus, creusant la roche et \u00e9largissant la vall\u00e9e au fil du temps. La recul\u00e9e de Baume-les-Messieurs est un exemple typique de recul\u00e9e jurassienne, o\u00f9 une rivi\u00e8re naissante \u00e9rode le plateau calcaire, formant une vall\u00e9e en cul-de-sac encadr\u00e9e par des falaises abruptes.<\/p>\n\n\n\n<h3 class=\"wp-block-heading\">Les Grottes et le R\u00e9seau Souterrain<\/h3>\n\n\n\n<p>Sous la surface, la g\u00e9ologie de la recul\u00e9e est tout aussi fascinante. Les Grottes de Baume, situ\u00e9es \u00e0 l&rsquo;extr\u00e9mit\u00e9 de la recul\u00e9e, sont un r\u00e9seau de galeries souterraines creus\u00e9es par l&rsquo;eau. Ces grottes sont le r\u00e9sultat d&rsquo;une dissolution chimique du calcaire par les eaux souterraines, un processus qui a form\u00e9 des cavernes, des stalactites, et des stalagmites au fil des mill\u00e9naires. Ces grottes t\u00e9moignent de l&rsquo;activit\u00e9 continue de l&rsquo;eau dans la formation de la recul\u00e9e.<\/p>\n\n\n\n<h3 class=\"wp-block-heading\">Les Falaises Calcaires<\/h3>\n\n\n\n<p>Les falaises qui encadrent la recul\u00e9e de Baume-les-Messieurs sont impressionnantes par leur hauteur, atteignant parfois plus de 200 m\u00e8tres. Elles d\u00e9voilent des couches successives de calcaire, visibles en strates distinctes. Ces couches racontent l&rsquo;histoire g\u00e9ologique de la r\u00e9gion, r\u00e9v\u00e9lant les diff\u00e9rentes p\u00e9riodes de d\u00e9p\u00f4t s\u00e9dimentaire. Certaines de ces strates contiennent des fossiles marins, preuve de l&rsquo;origine marine de ces formations calcaires.<\/p>\n\n\n\n<h3 class=\"wp-block-heading\">L&rsquo;Impact du Gel et du D\u00e9gel<\/h3>\n\n\n\n<p>Le climat du Jura, marqu\u00e9 par des hivers rigoureux, a \u00e9galement contribu\u00e9 \u00e0 fa\u00e7onner la recul\u00e9e. Le gel et le d\u00e9gel successifs ont provoqu\u00e9 des fissures dans la roche calcaire, accentuant l&rsquo;\u00e9rosion et contribuant \u00e0 l&rsquo;effondrement de certaines parties des falaises. Ce processus continue d&rsquo;agir aujourd&rsquo;hui, modifiant lentement mais s\u00fbrement le paysage.<\/p>\n<\/div><\/div>\n\n\n<style>.kadence-column27479_1a956d-95 > .kt-inside-inner-col{padding-top:var(--global-kb-spacing-xs, 1rem);padding-right:var(--global-kb-spacing-xs, 1rem);padding-bottom:var(--global-kb-spacing-xs, 1rem);padding-left:var(--global-kb-spacing-xs, 1rem);}.kadence-column27479_1a956d-95 > .kt-inside-inner-col,.kadence-column27479_1a956d-95 > .kt-inside-inner-col:before{border-top-left-radius:0px;border-top-right-radius:0px;border-bottom-right-radius:0px;border-bottom-left-radius:0px;}.kadence-column27479_1a956d-95 > .kt-inside-inner-col{column-gap:var(--global-kb-gap-sm, 1rem);}.kadence-column27479_1a956d-95 > .kt-inside-inner-col{flex-direction:column;}.kadence-column27479_1a956d-95 > .kt-inside-inner-col > .aligncenter{width:100%;}.kadence-column27479_1a956d-95 > .kt-inside-inner-col{background-color:#f3f7ed;}.kadence-column27479_1a956d-95 > .kt-inside-inner-col:before{opacity:0.3;}.kadence-column27479_1a956d-95{position:relative;}@media all and (max-width: 1024px){.kadence-column27479_1a956d-95 > .kt-inside-inner-col{flex-direction:column;}}@media all and (max-width: 767px){.kadence-column27479_1a956d-95 > .kt-inside-inner-col{flex-direction:column;}}<\/style>\n<div class=\"wp-block-kadence-column kadence-column27479_1a956d-95\"><div class=\"kt-inside-inner-col\"><style>.wp-block-kadence-advancedheading.kt-adv-heading27479_cfd09c-c8, .wp-block-kadence-advancedheading.kt-adv-heading27479_cfd09c-c8[data-kb-block=\"kb-adv-heading27479_cfd09c-c8\"]{font-style:normal;}.wp-block-kadence-advancedheading.kt-adv-heading27479_cfd09c-c8 mark.kt-highlight, .wp-block-kadence-advancedheading.kt-adv-heading27479_cfd09c-c8[data-kb-block=\"kb-adv-heading27479_cfd09c-c8\"] mark.kt-highlight{font-style:normal;color:#f76a0c;-webkit-box-decoration-break:clone;box-decoration-break:clone;padding-top:0px;padding-right:0px;padding-bottom:0px;padding-left:0px;}<\/style>\n<h3 class=\"kt-adv-heading27479_cfd09c-c8 wp-block-kadence-advancedheading\" data-kb-block=\"kb-adv-heading27479_cfd09c-c8\">Un chef-d&rsquo;\u0153uvre de la nature<\/h3>\n\n\n\n<p>la recul\u00e9e de Baume-les-Messieurs est un chef-d&rsquo;\u0153uvre de la nature, form\u00e9 par des processus g\u00e9ologiques complexes sur des millions d&rsquo;ann\u00e9es. <\/p>\n\n\n<style>.kb-image27479_e5f4d8-ef .kb-image-has-overlay:after{opacity:0.3;}<\/style>\n<figure class=\"wp-block-kadence-image kb-image27479_e5f4d8-ef size-full\"><img loading=\"lazy\" decoding=\"async\" width=\"624\" height=\"624\" src=\"https:\/\/abbayebaumelesmessieurs.fr\/wp-content\/uploads\/sites\/4\/2024\/08\/cas1.jpg\" alt=\"\" class=\"kb-img wp-image-27501\" srcset=\"https:\/\/abbayebaumelesmessieurs.fr\/blm\/wp-content\/uploads\/sites\/4\/2024\/08\/cas1.jpg 624w, https:\/\/abbayebaumelesmessieurs.fr\/blm\/wp-content\/uploads\/sites\/4\/2024\/08\/cas1-300x300.jpg 300w, https:\/\/abbayebaumelesmessieurs.fr\/blm\/wp-content\/uploads\/sites\/4\/2024\/08\/cas1-150x150.jpg 150w, https:\/\/abbayebaumelesmessieurs.fr\/blm\/wp-content\/uploads\/sites\/4\/2024\/08\/cas1-500x500.jpg 500w\" sizes=\"auto, (max-width: 624px) 100vw, 624px\" \/><\/figure>\n\n\n\n<p>Ce site spectaculaire, avec ses grottes, ses falaises et son r\u00e9seau karstique, est un t\u00e9moignage vivant de la dynamique des paysages jurassiens. <\/p>\n\n\n<style>.kb-image27479_02eea3-84 .kb-image-has-overlay:after{opacity:0.3;}<\/style>\n<figure class=\"wp-block-kadence-image kb-image27479_02eea3-84 kb-image-is-ratio-size\"><div class=\"kb-is-ratio-image kb-image-ratio-port34\"><img loading=\"lazy\" decoding=\"async\" width=\"400\" height=\"400\" src=\"https:\/\/abbayebaumelesmessieurs.fr\/blm\/wp-content\/uploads\/sites\/4\/2024\/12\/baume2000.jpg\" class=\"kb-img wp-image-27960\" srcset=\"https:\/\/abbayebaumelesmessieurs.fr\/blm\/wp-content\/uploads\/sites\/4\/2024\/12\/baume2000.jpg 400w, https:\/\/abbayebaumelesmessieurs.fr\/blm\/wp-content\/uploads\/sites\/4\/2024\/12\/baume2000-300x300.jpg 300w, https:\/\/abbayebaumelesmessieurs.fr\/blm\/wp-content\/uploads\/sites\/4\/2024\/12\/baume2000-150x150.jpg 150w\" sizes=\"auto, (max-width: 400px) 100vw, 400px\" \/><\/div><\/figure>\n\n\n\n<p>La compr\u00e9hension de cette g\u00e9ologie unique permet d&rsquo;appr\u00e9cier encore davantage la beaut\u00e9 brute et sauvage de ce lieu exceptionnel.<\/p>\n\n\n<style>.kb-image27479_ef0b01-71 .kb-image-has-overlay:after{opacity:0.3;}<\/style>\n<figure class=\"wp-block-kadence-image kb-image27479_ef0b01-71 size-full\"><img loading=\"lazy\" decoding=\"async\" width=\"624\" height=\"624\" src=\"https:\/\/abbayebaumelesmessieurs.fr\/blm\/wp-content\/uploads\/sites\/4\/2024\/03\/r1.jpg\" alt=\"\" class=\"kb-img wp-image-26137\" srcset=\"https:\/\/abbayebaumelesmessieurs.fr\/blm\/wp-content\/uploads\/sites\/4\/2024\/03\/r1.jpg 624w, https:\/\/abbayebaumelesmessieurs.fr\/blm\/wp-content\/uploads\/sites\/4\/2024\/03\/r1-300x300.jpg 300w, https:\/\/abbayebaumelesmessieurs.fr\/blm\/wp-content\/uploads\/sites\/4\/2024\/03\/r1-150x150.jpg 150w, https:\/\/abbayebaumelesmessieurs.fr\/blm\/wp-content\/uploads\/sites\/4\/2024\/03\/r1-500x500.jpg 500w\" sizes=\"auto, (max-width: 624px) 100vw, 624px\" \/><\/figure>\n<\/div><\/div>\n\n<\/div><\/div>","protected":false},"excerpt":{"rendered":"<p>La recul\u00e9e de Baume-les-Messieurs La recul\u00e9e de Baume-les-Messieurs, situ\u00e9e dans le Jura, est un exemple remarquable de formation g\u00e9ologique typique des paysages karstiques. Cette vall\u00e9e en cul-de-sac est le r\u00e9sultat d&rsquo;une longue histoire g\u00e9ologique li\u00e9e \u00e0 l&rsquo;\u00e9rosion des plateaux calcaires du massif jurassien. Formation Karstique La recul\u00e9e de Baume-les-Messieurs est form\u00e9e dans une roche calcaire,&#8230;<\/p>\n","protected":false},"author":3,"featured_media":0,"parent":0,"menu_order":0,"comment_status":"closed","ping_status":"closed","template":"","meta":{"_acf_changed":false,"_kad_post_transparent":"","_kad_post_title":"default","_kad_post_layout":"","_kad_post_sidebar_id":"","_kad_post_content_style":"","_kad_post_vertical_padding":"","_kad_post_feature":"","_kad_post_feature_position":"","_kad_post_header":false,"_kad_post_footer":false,"footnotes":""},"class_list":["post-27479","page","type-page","status-publish","hentry"],"acf":[],"_links":{"self":[{"href":"https:\/\/abbayebaumelesmessieurs.fr\/blm\/wp-json\/wp\/v2\/pages\/27479","targetHints":{"allow":["GET"]}}],"collection":[{"href":"https:\/\/abbayebaumelesmessieurs.fr\/blm\/wp-json\/wp\/v2\/pages"}],"about":[{"href":"https:\/\/abbayebaumelesmessieurs.fr\/blm\/wp-json\/wp\/v2\/types\/page"}],"author":[{"embeddable":true,"href":"https:\/\/abbayebaumelesmessieurs.fr\/blm\/wp-json\/wp\/v2\/users\/3"}],"replies":[{"embeddable":true,"href":"https:\/\/abbayebaumelesmessieurs.fr\/blm\/wp-json\/wp\/v2\/comments?post=27479"}],"version-history":[{"count":12,"href":"https:\/\/abbayebaumelesmessieurs.fr\/blm\/wp-json\/wp\/v2\/pages\/27479\/revisions"}],"predecessor-version":[{"id":27961,"href":"https:\/\/abbayebaumelesmessieurs.fr\/blm\/wp-json\/wp\/v2\/pages\/27479\/revisions\/27961"}],"wp:attachment":[{"href":"https:\/\/abbayebaumelesmessieurs.fr\/blm\/wp-json\/wp\/v2\/media?parent=27479"}],"curies":[{"name":"wp","href":"https:\/\/api.w.org\/{rel}","templated":true}]}}