{"id":27947,"date":"2024-12-24T06:00:51","date_gmt":"2024-12-24T06:00:51","guid":{"rendered":"https:\/\/abbayebaumelesmessieurs.fr\/blm\/?page_id=27947"},"modified":"2024-12-24T06:05:22","modified_gmt":"2024-12-24T06:05:22","slug":"les-cascades-des-tufs","status":"publish","type":"page","link":"https:\/\/abbayebaumelesmessieurs.fr\/blm\/les-cascades-des-tufs\/","title":{"rendered":"Les Cascades des Tufs"},"content":{"rendered":"<style>.kb-row-layout-id27947_dc920b-2e > .kt-row-column-wrap{align-content:start;}:where(.kb-row-layout-id27947_dc920b-2e > .kt-row-column-wrap) > .wp-block-kadence-column{justify-content:start;}.kb-row-layout-id27947_dc920b-2e > .kt-row-column-wrap{column-gap:var(--global-kb-gap-md, 2rem);row-gap:var(--global-kb-gap-md, 2rem);padding-top:var(--global-kb-spacing-sm, 1.5rem);padding-bottom:var(--global-kb-spacing-sm, 1.5rem);grid-template-columns:minmax(0, 2fr) minmax(0, 1fr);}.kb-row-layout-id27947_dc920b-2e > .kt-row-layout-overlay{opacity:0.30;}@media all and (max-width: 1024px){.kb-row-layout-id27947_dc920b-2e > .kt-row-column-wrap{grid-template-columns:minmax(0, 2fr) minmax(0, 1fr);}}@media all and (max-width: 767px){.kb-row-layout-id27947_dc920b-2e > .kt-row-column-wrap{grid-template-columns:minmax(0, 1fr);}}<\/style><div class=\"kb-row-layout-wrap kb-row-layout-id27947_dc920b-2e alignnone wp-block-kadence-rowlayout\"><div class=\"kt-row-column-wrap kt-has-2-columns kt-row-layout-left-golden kt-tab-layout-inherit kt-mobile-layout-row kt-row-valign-top\">\n<style>.kadence-column27947_f9f790-0d > .kt-inside-inner-col,.kadence-column27947_f9f790-0d > .kt-inside-inner-col:before{border-top-left-radius:0px;border-top-right-radius:0px;border-bottom-right-radius:0px;border-bottom-left-radius:0px;}.kadence-column27947_f9f790-0d > .kt-inside-inner-col{column-gap:var(--global-kb-gap-sm, 1rem);}.kadence-column27947_f9f790-0d > .kt-inside-inner-col{flex-direction:column;}.kadence-column27947_f9f790-0d > .kt-inside-inner-col > .aligncenter{width:100%;}.kadence-column27947_f9f790-0d > .kt-inside-inner-col:before{opacity:0.3;}.kadence-column27947_f9f790-0d{position:relative;}@media all and (max-width: 1024px){.kadence-column27947_f9f790-0d > .kt-inside-inner-col{flex-direction:column;}}@media all and (max-width: 767px){.kadence-column27947_f9f790-0d > .kt-inside-inner-col{flex-direction:column;}}<\/style>\n<div class=\"wp-block-kadence-column kadence-column27947_f9f790-0d\"><div class=\"kt-inside-inner-col\"><style>.wp-block-kadence-advancedheading.kt-adv-heading27947_313266-a9, .wp-block-kadence-advancedheading.kt-adv-heading27947_313266-a9[data-kb-block=\"kb-adv-heading27947_313266-a9\"]{font-style:normal;}.wp-block-kadence-advancedheading.kt-adv-heading27947_313266-a9 mark.kt-highlight, .wp-block-kadence-advancedheading.kt-adv-heading27947_313266-a9[data-kb-block=\"kb-adv-heading27947_313266-a9\"] mark.kt-highlight{font-style:normal;color:#f76a0c;-webkit-box-decoration-break:clone;box-decoration-break:clone;padding-top:0px;padding-right:0px;padding-bottom:0px;padding-left:0px;}<\/style>\n<h1 class=\"kt-adv-heading27947_313266-a9 wp-block-kadence-advancedheading\" data-kb-block=\"kb-adv-heading27947_313266-a9\">Les Cascades des Tufs<\/h1>\n\n\n\n<p>Les Cascades des Tufs, situ\u00e9es \u00e0 Baume-les-Messieurs, dans le Jura, sont l&rsquo;une des merveilles naturelles les plus impressionnantes de la r\u00e9gion.<\/p>\n\n\n\n<p>Ce site spectaculaire est un v\u00e9ritable paradis pour les amoureux de la nature et les randonneurs. Baume-les-Messieurs est un petit village pittoresque, nich\u00e9 au c\u0153ur de la vall\u00e9e de la Seille, entour\u00e9 de falaises et de paysages verdoyants, \u00e0 environ 30 kilom\u00e8tres au sud de Lons-le-Saunier.<\/p>\n\n\n<style>.kb-image27947_cd7fe6-cd .kb-image-has-overlay:after{opacity:0.3;}<\/style>\n<figure class=\"wp-block-kadence-image kb-image27947_cd7fe6-cd size-large\"><img loading=\"lazy\" decoding=\"async\" width=\"1024\" height=\"396\" src=\"https:\/\/abbayebaumelesmessieurs.fr\/blm\/wp-content\/uploads\/sites\/4\/2024\/12\/a-cascades3-1024x396.jpg\" alt=\"\" class=\"kb-img wp-image-27949\" srcset=\"https:\/\/abbayebaumelesmessieurs.fr\/blm\/wp-content\/uploads\/sites\/4\/2024\/12\/a-cascades3-1024x396.jpg 1024w, https:\/\/abbayebaumelesmessieurs.fr\/blm\/wp-content\/uploads\/sites\/4\/2024\/12\/a-cascades3-300x116.jpg 300w, https:\/\/abbayebaumelesmessieurs.fr\/blm\/wp-content\/uploads\/sites\/4\/2024\/12\/a-cascades3-768x297.jpg 768w, https:\/\/abbayebaumelesmessieurs.fr\/blm\/wp-content\/uploads\/sites\/4\/2024\/12\/a-cascades3-1536x594.jpg 1536w, https:\/\/abbayebaumelesmessieurs.fr\/blm\/wp-content\/uploads\/sites\/4\/2024\/12\/a-cascades3-500x194.jpg 500w, https:\/\/abbayebaumelesmessieurs.fr\/blm\/wp-content\/uploads\/sites\/4\/2024\/12\/a-cascades3-800x310.jpg 800w, https:\/\/abbayebaumelesmessieurs.fr\/blm\/wp-content\/uploads\/sites\/4\/2024\/12\/a-cascades3-1280x495.jpg 1280w, https:\/\/abbayebaumelesmessieurs.fr\/blm\/wp-content\/uploads\/sites\/4\/2024\/12\/a-cascades3.jpg 1664w\" sizes=\"auto, (max-width: 1024px) 100vw, 1024px\" \/><\/figure>\n\n\n\n<h3 class=\"wp-block-heading\">Formation des Cascades<\/h3>\n\n\n\n<p>Les cascades des Tufs sont form\u00e9es par l&rsquo;\u00e9coulement de l&rsquo;eau sur des roches calcaires, un ph\u00e9nom\u00e8ne g\u00e9ologique unique. L&rsquo;eau, riche en calcaire, d\u00e9pose peu \u00e0 peu des couches de tuf, une roche tendre et poreuse. Ce processus, qui dure des mill\u00e9naires, a donn\u00e9 naissance \u00e0 de magnifiques formations, dont des chutes d&rsquo;eau qui se jettent dans des bassins verdoyants. Les cascades sont particuli\u00e8rement impressionnantes apr\u00e8s les p\u00e9riodes de fortes pluies, lorsque le d\u00e9bit d&rsquo;eau est maximal.<\/p>\n\n\n<style>.kb-image27947_493dc1-b8 .kb-image-has-overlay:after{opacity:0.3;}<\/style>\n<figure class=\"wp-block-kadence-image kb-image27947_493dc1-b8 size-large\"><img loading=\"lazy\" decoding=\"async\" width=\"1024\" height=\"396\" src=\"https:\/\/abbayebaumelesmessieurs.fr\/blm\/wp-content\/uploads\/sites\/4\/2024\/12\/a-cascades-1024x396.jpg\" alt=\"\" class=\"kb-img wp-image-27950\" srcset=\"https:\/\/abbayebaumelesmessieurs.fr\/blm\/wp-content\/uploads\/sites\/4\/2024\/12\/a-cascades-1024x396.jpg 1024w, https:\/\/abbayebaumelesmessieurs.fr\/blm\/wp-content\/uploads\/sites\/4\/2024\/12\/a-cascades-300x116.jpg 300w, https:\/\/abbayebaumelesmessieurs.fr\/blm\/wp-content\/uploads\/sites\/4\/2024\/12\/a-cascades-768x297.jpg 768w, https:\/\/abbayebaumelesmessieurs.fr\/blm\/wp-content\/uploads\/sites\/4\/2024\/12\/a-cascades-1536x594.jpg 1536w, https:\/\/abbayebaumelesmessieurs.fr\/blm\/wp-content\/uploads\/sites\/4\/2024\/12\/a-cascades-500x194.jpg 500w, https:\/\/abbayebaumelesmessieurs.fr\/blm\/wp-content\/uploads\/sites\/4\/2024\/12\/a-cascades-800x310.jpg 800w, https:\/\/abbayebaumelesmessieurs.fr\/blm\/wp-content\/uploads\/sites\/4\/2024\/12\/a-cascades-1280x495.jpg 1280w, https:\/\/abbayebaumelesmessieurs.fr\/blm\/wp-content\/uploads\/sites\/4\/2024\/12\/a-cascades.jpg 1664w\" sizes=\"auto, (max-width: 1024px) 100vw, 1024px\" \/><\/figure>\n\n\n\n<h3 class=\"wp-block-heading\">Les visiteurs<\/h3>\n\n\n\n<p>Les Cascades des Tufs attirent chaque ann\u00e9e de nombreux visiteurs, tant des randonneurs que des passionn\u00e9s de g\u00e9ologie et de photographie. Un sentier bien am\u00e9nag\u00e9 permet d&rsquo;acc\u00e9der facilement aux cascades, tout en offrant des vues spectaculaires sur le site. Les visiteurs peuvent \u00e9galement d\u00e9couvrir des grottes et des formations rocheuses qui ajoutent \u00e0 la magie du lieu. Le site est un endroit id\u00e9al pour une balade en famille, car il est accessible \u00e0 tous, y compris aux personnes \u00e0 mobilit\u00e9 r\u00e9duite.<\/p>\n<\/div><\/div>\n\n\n<style>.kadence-column27947_7ed137-64 > .kt-inside-inner-col,.kadence-column27947_7ed137-64 > .kt-inside-inner-col:before{border-top-left-radius:0px;border-top-right-radius:0px;border-bottom-right-radius:0px;border-bottom-left-radius:0px;}.kadence-column27947_7ed137-64 > .kt-inside-inner-col{column-gap:var(--global-kb-gap-sm, 1rem);}.kadence-column27947_7ed137-64 > .kt-inside-inner-col{flex-direction:column;}.kadence-column27947_7ed137-64 > .kt-inside-inner-col > .aligncenter{width:100%;}.kadence-column27947_7ed137-64 > .kt-inside-inner-col:before{opacity:0.3;}.kadence-column27947_7ed137-64{position:relative;}@media all and (max-width: 1024px){.kadence-column27947_7ed137-64 > .kt-inside-inner-col{flex-direction:column;}}@media all and (max-width: 767px){.kadence-column27947_7ed137-64 > .kt-inside-inner-col{flex-direction:column;}}<\/style>\n<div class=\"wp-block-kadence-column kadence-column27947_7ed137-64\"><div class=\"kt-inside-inner-col\"><style>.wp-block-kadence-advancedheading.kt-adv-heading27947_f54d9a-85, .wp-block-kadence-advancedheading.kt-adv-heading27947_f54d9a-85[data-kb-block=\"kb-adv-heading27947_f54d9a-85\"]{font-style:normal;}.wp-block-kadence-advancedheading.kt-adv-heading27947_f54d9a-85 mark.kt-highlight, .wp-block-kadence-advancedheading.kt-adv-heading27947_f54d9a-85[data-kb-block=\"kb-adv-heading27947_f54d9a-85\"] mark.kt-highlight{font-style:normal;color:#f76a0c;-webkit-box-decoration-break:clone;box-decoration-break:clone;padding-top:0px;padding-right:0px;padding-bottom:0px;padding-left:0px;}<\/style>\n<h3 class=\"kt-adv-heading27947_f54d9a-85 wp-block-kadence-advancedheading\" data-kb-block=\"kb-adv-heading27947_f54d9a-85\">Un site naturel incontournable<\/h3>\n\n\n<style>.kb-image27947_c266f9-8c .kb-image-has-overlay:after{opacity:0.3;}<\/style>\n<figure class=\"wp-block-kadence-image kb-image27947_c266f9-8c size-full\"><img loading=\"lazy\" decoding=\"async\" width=\"624\" height=\"624\" src=\"https:\/\/abbayebaumelesmessieurs.fr\/blm\/wp-content\/uploads\/sites\/4\/2024\/08\/cas1.jpg\" alt=\"\" class=\"kb-img wp-image-27501\" srcset=\"https:\/\/abbayebaumelesmessieurs.fr\/blm\/wp-content\/uploads\/sites\/4\/2024\/08\/cas1.jpg 624w, https:\/\/abbayebaumelesmessieurs.fr\/blm\/wp-content\/uploads\/sites\/4\/2024\/08\/cas1-300x300.jpg 300w, https:\/\/abbayebaumelesmessieurs.fr\/blm\/wp-content\/uploads\/sites\/4\/2024\/08\/cas1-150x150.jpg 150w, https:\/\/abbayebaumelesmessieurs.fr\/blm\/wp-content\/uploads\/sites\/4\/2024\/08\/cas1-500x500.jpg 500w\" sizes=\"auto, (max-width: 624px) 100vw, 624px\" \/><\/figure>\n\n\n\n<p>Les Cascades des Tufs sont un site naturel incontournable \u00e0 Baume-les-Messieurs, offrant une belle escapade pour ceux qui recherchent \u00e0 la fois la beaut\u00e9, la tranquillit\u00e9 et l&rsquo;aventure dans un cadre exceptionnel.<\/p>\n\n\n<style>.kb-image27947_1fcbfb-46 .kb-image-has-overlay:after{opacity:0.3;}<\/style>\n<figure class=\"wp-block-kadence-image kb-image27947_1fcbfb-46 size-full kb-image-is-ratio-size\"><div class=\"kb-is-ratio-image kb-image-ratio-land43\"><img loading=\"lazy\" decoding=\"async\" width=\"1000\" height=\"608\" src=\"https:\/\/abbayebaumelesmessieurs.fr\/blm\/wp-content\/uploads\/sites\/4\/2024\/12\/IMG_8019.jpg\" alt=\"\" class=\"kb-img wp-image-27956\" srcset=\"https:\/\/abbayebaumelesmessieurs.fr\/blm\/wp-content\/uploads\/sites\/4\/2024\/12\/IMG_8019.jpg 1000w, https:\/\/abbayebaumelesmessieurs.fr\/blm\/wp-content\/uploads\/sites\/4\/2024\/12\/IMG_8019-300x182.jpg 300w, https:\/\/abbayebaumelesmessieurs.fr\/blm\/wp-content\/uploads\/sites\/4\/2024\/12\/IMG_8019-768x467.jpg 768w, https:\/\/abbayebaumelesmessieurs.fr\/blm\/wp-content\/uploads\/sites\/4\/2024\/12\/IMG_8019-500x304.jpg 500w, https:\/\/abbayebaumelesmessieurs.fr\/blm\/wp-content\/uploads\/sites\/4\/2024\/12\/IMG_8019-800x486.jpg 800w\" sizes=\"auto, (max-width: 1000px) 100vw, 1000px\" \/><\/div><\/figure>\n\n\n\n<h4 class=\"wp-block-heading\">Stationnement<\/h4>\n\n\n\n<p>Pour faciliter l&rsquo;acc\u00e8s au site, un parking est disponible \u00e0 proximit\u00e9 de l&rsquo;entr\u00e9e des cascades. Ce parking est spacieux et gratuit, ce qui permet aux visiteurs de stationner leur v\u00e9hicule facilement avant de commencer leur exploration. Il est recommand\u00e9 d&rsquo;arriver t\u00f4t pendant la haute saison touristique, car le site peut \u00eatre tr\u00e8s fr\u00e9quent\u00e9, surtout les weekends et pendant les vacances d&rsquo;\u00e9t\u00e9.<\/p>\n<\/div><\/div>\n\n<\/div><\/div>","protected":false},"excerpt":{"rendered":"<p>Les Cascades des Tufs Les Cascades des Tufs, situ\u00e9es \u00e0 Baume-les-Messieurs, dans le Jura, sont l&rsquo;une des merveilles naturelles les plus impressionnantes de la r\u00e9gion. Ce site spectaculaire est un v\u00e9ritable paradis pour les amoureux de la nature et les randonneurs. Baume-les-Messieurs est un petit village pittoresque, nich\u00e9 au c\u0153ur de la vall\u00e9e de la&#8230;<\/p>\n","protected":false},"author":3,"featured_media":0,"parent":0,"menu_order":0,"comment_status":"closed","ping_status":"closed","template":"","meta":{"_acf_changed":false,"_kad_post_transparent":"","_kad_post_title":"","_kad_post_layout":"","_kad_post_sidebar_id":"","_kad_post_content_style":"","_kad_post_vertical_padding":"","_kad_post_feature":"","_kad_post_feature_position":"","_kad_post_header":false,"_kad_post_footer":false,"footnotes":""},"class_list":["post-27947","page","type-page","status-publish","hentry"],"acf":[],"_links":{"self":[{"href":"https:\/\/abbayebaumelesmessieurs.fr\/blm\/wp-json\/wp\/v2\/pages\/27947","targetHints":{"allow":["GET"]}}],"collection":[{"href":"https:\/\/abbayebaumelesmessieurs.fr\/blm\/wp-json\/wp\/v2\/pages"}],"about":[{"href":"https:\/\/abbayebaumelesmessieurs.fr\/blm\/wp-json\/wp\/v2\/types\/page"}],"author":[{"embeddable":true,"href":"https:\/\/abbayebaumelesmessieurs.fr\/blm\/wp-json\/wp\/v2\/users\/3"}],"replies":[{"embeddable":true,"href":"https:\/\/abbayebaumelesmessieurs.fr\/blm\/wp-json\/wp\/v2\/comments?post=27947"}],"version-history":[{"count":4,"href":"https:\/\/abbayebaumelesmessieurs.fr\/blm\/wp-json\/wp\/v2\/pages\/27947\/revisions"}],"predecessor-version":[{"id":27957,"href":"https:\/\/abbayebaumelesmessieurs.fr\/blm\/wp-json\/wp\/v2\/pages\/27947\/revisions\/27957"}],"wp:attachment":[{"href":"https:\/\/abbayebaumelesmessieurs.fr\/blm\/wp-json\/wp\/v2\/media?parent=27947"}],"curies":[{"name":"wp","href":"https:\/\/api.w.org\/{rel}","templated":true}]}}