{"id":607,"date":"2014-02-16T19:50:35","date_gmt":"2014-02-16T19:50:35","guid":{"rendered":"http:\/\/www.baumelesmessieurs.fr\/?page_id=607"},"modified":"2014-02-16T19:50:35","modified_gmt":"2014-02-16T19:50:35","slug":"liens","status":"publish","type":"page","link":"https:\/\/abbayebaumelesmessieurs.fr\/blm\/liens\/","title":{"rendered":"Liens"},"content":{"rendered":"<style>.wp-block-kadence-advancedheading.kt-adv-heading607_d07397-b1, .wp-block-kadence-advancedheading.kt-adv-heading607_d07397-b1[data-kb-block=\"kb-adv-heading607_d07397-b1\"]{margin-top:var(--global-kb-spacing-lg, 3rem);font-style:normal;}.wp-block-kadence-advancedheading.kt-adv-heading607_d07397-b1 mark.kt-highlight, .wp-block-kadence-advancedheading.kt-adv-heading607_d07397-b1[data-kb-block=\"kb-adv-heading607_d07397-b1\"] mark.kt-highlight{font-style:normal;color:#f76a0c;-webkit-box-decoration-break:clone;box-decoration-break:clone;padding-top:0px;padding-right:0px;padding-bottom:0px;padding-left:0px;}<\/style>\n<h1 class=\"kt-adv-heading607_d07397-b1 wp-block-kadence-advancedheading\" data-kb-block=\"kb-adv-heading607_d07397-b1\">Liens<\/h1>\n\n\n\n<!--themify_builder_static--><ul> <li><strong>Baume Les Messieurs<\/strong>: <a href=\"http:\/\/fr.wikipedia.org\/wiki\/Baume-les-Messieurs\">http:\/\/fr.wikipedia.org\/wiki\/Baume-les-Messieurs<\/a><\/li> <li><strong>Le Jura<\/strong>: <a href=\"http:\/\/fr.wikipedia.org\/wiki\/Jura\">http:\/\/fr.wikipedia.org\/wiki\/Jura<\/a><\/li> <li><strong>La Communaut\u00e9 de Communes des Coteaux de la Haute Seille:<\/strong>\u00a0<a href=\"http:\/\/www.hauteseille.com\"> www.hauteseille.com<\/a><\/li> <li><a href=\"http:\/\/www.tourisme-hauteseille.fr\/\">www.tourisme-hauteseille.fr<\/a><\/li> <li><a href=\"http:\/\/www.jura-tourism.com\/A-voir-A-faire\/Visiter-le-Jura\/Sites-incontournables\/Baume-les-Messieurs\">www.jura-tourism.com<\/a><\/li> <li><a href=\"http:\/\/www.tourisme-hauteseille.fr\/en\/the-imperial-abbey-at-Baume.htm\">Visite de l&rsquo;Abbaye\u00a0Imp\u00e9riale de\u00a0Baume les Messieurs\u00a0&#8211; Jura<\/a><\/li> <li><a href=\"https:\/\/www.google.fr\/url?sa=t&amp;rct=j&amp;q=&amp;esrc=s&amp;source=web&amp;cd=8&amp;cad=rja&amp;sqi=2&amp;ved=0CE8QFjAH&amp;url=http%3A%2F%2Ffr.wikipedia.org%2Fwiki%2FAbbaye_Saint-Pierre_de_Baume-les-Messieurs&amp;ei=QPYAU9vvBMPiywO57YLwAQ&amp;usg=AFQjCNH-5TOLtbHQM7qsh-ps3qsipW4NgA&amp;bvm=bv.61535280,d.d2k\" data-href=\"http:\/\/fr.wikipedia.org\/wiki\/Abbaye_Saint-Pierre_de_Baume-les-Messieurs\">Abbaye\u00a0Saint-Pierre de\u00a0Baume-les-Messieurs\u00a0\u2014 Wikip\u00e9dia<\/a><\/li> <li><a href=\"http:\/\/www.jura-tourism.com\/offre\/fiche\/abbaye-imperiale-de-baume-les-messieurs\/U%7CU5003\">Abbaye\u00a0imp\u00e9riale de\u00a0Baume les Messieurs\u00a0<b>&#8230;<\/b>\u00a0&#8211; Jura Tourisme<\/a><\/li> <li><a href=\"http:\/\/www.les-plus-beaux-villages-de-france.org\/en\/baume-les-messieurs-0\">Baume-les-Messieurs\u00a0| Les plus beaux villages de France &#8211; Site officiel<\/a><\/li> <li><a href=\"http:\/\/monumentshistoriques.free.fr\/abbayes\/baume\/baume.html\">Baume les Messieurs\u00a0&#8211; Nos monuments<\/a><\/li> <li><a href=\"http:\/\/www.montagnes-du-jura.fr\/abbaye-de-baume-les-messieurs\/\">L&rsquo;abbaye de Baume-les-Messieurs, un des chefs d&rsquo;\u0153uvres du Jura<\/a><\/li> <li><a id=\"vs3p2\" href=\"http:\/\/www.tripadvisor.com\/Hotels\">Baume Les Messieurs\u200e<\/a>\u00a0&#8211;\u00a0www.tripadvisor.com<\/li> <li><a href=\"http:\/\/www.franche-comte.org\/offre\/fiche\/abbaye-de-baume-les-messieurs\/376000003\">Abbaye de baume les messieurs\u00a0&#8211; Tourisme en Franche-Comte<\/a><\/li> <li><a href=\"https:\/\/www.google.fr\/url?sa=t&amp;rct=j&amp;q=&amp;esrc=s&amp;source=web&amp;cd=24&amp;cad=rja&amp;ved=0CEEQFjADOBQ&amp;url=http%3A%2F%2Fvoyage.michelin.fr%2Fweb%2Fdestination%2FFrance-Franche_Comte_Jura-Baume_les_Messieurs%2Fsite-Abbaye_de_Baume_les_Messieurs&amp;ei=iPcAU4W3O-Kj0QXTtoCwBQ&amp;usg=AFQjCNEZhuImZJtKxUAcqPectojIdoXt6g\" data-href=\"http:\/\/voyage.michelin.fr\/web\/destination\/France-Franche_Comte_Jura-Baume_les_Messieurs\/site-Abbaye_de_Baume_les_Messieurs\">Abbaye de Baume-les-Messieurs\u00a0&#8211; Baume-les-Messieurs &#8211; Le Guide Michelin<\/a><\/li> <\/ul> <hr \/> <p><strong>Documents PDF<\/strong><\/p> <ul> <li><a href=\"http:\/\/www.donnees.franche-comte.developpement-durable.gouv.fr\/infos_geo\/fiches_cartes\/sites\/sites_fiches\/Fiche_SC0002.pdf\">Baume-les-Messieurs\u00a0&#8211; Site Class\u00e9 \u00a0&#8211; Prefecture de la region Franche Comte (PDF)<\/a><\/li> <li><a href=\"http:\/\/www.donnees.franche-comte.developpement-durable.gouv.fr\/infos_geo\/fiches_cartes\/sites\/SIT00002.pdf\">Site classe de Baume-les-Messieurs &#8211; Carte detail\u00e9e &#8211;\u00a0DIREN de Franche-Comt\u00e9\u00a0\u00a0(PDF)<\/a><\/li> <\/ul> <hr \/> <p><strong>Documents de gestion du site de Baume les Messieurs<\/strong><\/p> <ul> <li><a title=\"Baume les Messieurs diagnostic partie 1 - pdf - 5 Mo (ouverture nouvelle fen\u00eatre)\" href=\"http:\/\/www.bourgogne-franche-comte.developpement-durable.gouv.fr\/IMG\/pdf\/b1_1_baume_les_messiers_tome_1_diagnostic_cle6dd142_cle67f42f.pdf\" target=\"_blank\" rel=\"noopener noreferrer\">Baume les Messieurs diagnostic partie 1<\/a> (format pdf &#8211; 5 Mo &#8211; 14\/02\/2018)<\/li> <li><a title=\"Baume les Messieurs diagnostic partie 2 - pdf - 5.2 Mo (ouverture nouvelle fen\u00eatre)\" href=\"http:\/\/www.bourgogne-franche-comte.developpement-durable.gouv.fr\/IMG\/pdf\/b1_2_baume_les_messiers_tome_1_diagnostic_cle64bd39_cle6549ab.pdf\" target=\"_blank\" rel=\"noopener noreferrer\">Baume les Messieurs diagnostic partie 2<\/a> (format pdf &#8211; 5.2 Mo &#8211; 14\/02\/2018)<\/li> <li><a title=\"Baume les Messieurs propositions partie 1 - pdf - 5 Mo (ouverture nouvelle fen\u00eatre)\" href=\"http:\/\/www.bourgogne-franche-comte.developpement-durable.gouv.fr\/IMG\/pdf\/b2_1_baume_les_messiers_tome_2_propositions_cle09ad63_cle071b72.pdf\" target=\"_blank\" rel=\"noopener noreferrer\">Baume les Messieurs propositions partie 1<\/a> (format pdf &#8211; 5 Mo &#8211; 14\/02\/2018)<\/li> <li><a title=\"Baume les Messieurs propositions partie 2 - pdf - 4.9 Mo (ouverture nouvelle fen\u00eatre)\" href=\"http:\/\/www.bourgogne-franche-comte.developpement-durable.gouv.fr\/IMG\/pdf\/b2_2_baume_les_messiers_tome_2_propositions_cle0715b1_cle0912e5.pdf\" target=\"_blank\" rel=\"noopener noreferrer\">Baume les Messieurs propositions partie 2<\/a> (format pdf &#8211; 4.9 Mo &#8211; 14\/02\/2018)<br \/><\/li> <li><a title=\"Baume les Messieurs propositions partie 3 - pdf - 1.4 Mo (ouverture nouvelle fen\u00eatre)\" href=\"http:\/\/www.bourgogne-franche-comte.developpement-durable.gouv.fr\/IMG\/pdf\/b2_3_baume_les_messiers_tome_2_propositions_cle05251c_cle068a91.pdf\" target=\"_blank\" rel=\"noopener noreferrer\">Baume les Messieurs propositions partie 3<\/a>\u00a0(format pdf &#8211; 1.4 Mo &#8211; 14\/02\/2018)<\/li> <\/ul> <hr \/> <p style=\"text-align: left\"><strong>Comit\u00e9 D\u00e9partemental du Tourisme<\/strong><\/p> <p style=\"text-align: left\">Tout conna\u00eetre sur l&rsquo;activit\u00e9 touristique du Jura<\/p> <p style=\"text-align: left\"><strong><a href=\"http:\/\/www.jura-tourism.com\/\" target=\"_blank\" rel=\"noopener noreferrer\">Plus d&rsquo;infos<\/a><\/strong><\/p> <hr \/> <p><strong>Comit\u00e9 R\u00e9gional du Tourisme<\/strong><\/p> <p>Tout conna\u00eetre sur l&rsquo;activit\u00e9 touristique de la r\u00e9gion<br \/>Franche-Comt\u00e9<\/p> <p><strong><a href=\"http:\/\/www.franche-comte.org\/\" target=\"_blank\" rel=\"noopener noreferrer\">Plus d&rsquo;infos<\/a><\/strong><\/p> <hr \/> <p><strong>Information pratique ENEDIS (ex ERDF )<\/strong><\/p> Enedis Raccordement\u00a009 70 83 19 70\u00a0\n&#8211;\u00a0<a href=\"http:\/\/www.enedis.fr\/\" target=\"_blank\" rel=\"noopener\">http:\/\/www.enedis.fr\/<\/a> &#8211;\u00a0Liste des\u00a0<a href=\"https:\/\/www.fournisseurs-electricite.com\/demenagement\/edf\/mise-en-service\" target=\"_blank\" rel=\"noopener\">d\u00e9marches d&rsquo;ouverture<\/a>\u00a0pour votre compteur Edf &#8211; Informations sur l&rsquo;ensemble\u00a0<a href=\"https:\/\/selectra.info\/energie\/fournisseurs\" target=\"_blank\" rel=\"noopener\">les fournisseurs d&rsquo;\u00e9nergie<\/a>\n&#8211; Contact utile\u00a0<a href=\"https:\/\/www.kelwatt.fr\/guide\/energie\/enedis\" target=\"_blank\" rel=\"noopener\">Enedis<\/a> \u00a0\n<b>Pr\u00e9cision carte grise &#8211; certificat d&rsquo;immatriculation<\/b>\n<p>Lors de l&rsquo;achat ou de la vente d&rsquo;un v\u00e9hicule ainsi qu&rsquo;en cas d&#8217;emm\u00e9nagement dans la commune, les d\u00e9marches pour la carte grise peuvent s&rsquo;effectuer sur le site officiel gouvernemental :\u00a0<a href=\"https:\/\/immatriculation.ants.gouv.fr\/\" target=\"_blank\" rel=\"noopener\">https:\/\/immatriculation.ants.gouv.fr\/<\/a><\/p> <p>Il existe d&rsquo;autres sites frauduleux, dont l&rsquo;apparence donne l&rsquo;impression d&rsquo;avoir \u00e0 faire \u00e0 un site gouvernemental, qui proposent les d\u00e9marches pour le certificat d&rsquo;immatriculation pour un co\u00fbt sup\u00e9rieur. Afin de vous informer correctement sur le prix r\u00e9el de la carte grise, veuillez consulter ce\u00a0<a href=\"https:\/\/www.courroie-distribution.fr\/blog\/combien-coute-une-carte-grise\/\" target=\"_blank\" rel=\"noopener\">notice explicative<\/a>.\u00a0<\/p> <p>Les personnes pr\u00e9f\u00e9rant b\u00e9n\u00e9ficier d&rsquo;un accompagnement peuvent s&rsquo;adresser \u00e0 un garagiste agr\u00e9\u00e9 par la pr\u00e9fecture :\u00a0<a href=\"https:\/\/www.vroomly.com\/garage-39\/\" target=\"_blank\" rel=\"noopener\">garage dans le Jura<\/a>.<\/p> <p>En cas de perte de votre certificat d&rsquo;immatriculation, consultez le\u00a0<a href=\"https:\/\/www.vroomly.com\/blog\/perte-de-carte-grise-tout-ce-que-vous-devez-savoir\/\" target=\"_blank\" rel=\"noopener\">guide pratique<\/a><\/p> <p><b>D\u00e9lai carte grise<\/b>\u00a0: Lors de votre changement d&rsquo;adresse vous avez un d\u00e9lai\u00a0<a href=\"https:\/\/immatriculation.ants.gouv.fr\/demarches-en-ligne\/modifier-l-adresse-sur-votre-certificat-d-immatriculation\" target=\"_blank\" rel=\"noopener\">d&rsquo;1 mois maximum pour effectuer le changement sur votre carte grise<\/a>. A noter que le tarif pour le changement d&rsquo;adresse de votre carte grise est gratuit pour les 3 premiers changements. Il vous co\u00fbtera ensuite la somme forfaitaire de 2,76\u20ac, plus d&rsquo;informations sur le co\u00fbt de votre carte grise sur ce\u00a0<a href=\"https:\/\/www.kit-embrayage.fr\/blog\/prix-carte-grise-calcul-et-taxe-fiscale\/\" target=\"_blank\" rel=\"noopener\">guide pratique<\/a>.\u00a0Si vous \u00e9prouvez des difficult\u00e9s \u00e0 effectuer votre demande sur le site officiel, vous pouvez vous tourner vers un garagiste agr\u00e9\u00e9 par la pr\u00e9fecture qui vous aidera pour vos d\u00e9marches (Carte grise,\u00a0<a href=\"https:\/\/www.changement-amortisseur.fr\/\" target=\"_blank\" rel=\"noopener\">d\u00e9marches automobile<\/a>\u00a0\u2026 )<\/p><!--\/themify_builder_static-->\n","protected":false},"excerpt":{"rendered":"<p>Liens<\/p>\n","protected":false},"author":2,"featured_media":0,"parent":0,"menu_order":0,"comment_status":"closed","ping_status":"open","template":"","meta":{"_acf_changed":false,"_kad_post_transparent":"","_kad_post_title":"","_kad_post_layout":"right","_kad_post_sidebar_id":"","_kad_post_content_style":"","_kad_post_vertical_padding":"","_kad_post_feature":"","_kad_post_feature_position":"","_kad_post_header":false,"_kad_post_footer":false,"footnotes":""},"class_list":["post-607","page","type-page","status-publish","hentry"],"acf":[],"_links":{"self":[{"href":"https:\/\/abbayebaumelesmessieurs.fr\/blm\/wp-json\/wp\/v2\/pages\/607","targetHints":{"allow":["GET"]}}],"collection":[{"href":"https:\/\/abbayebaumelesmessieurs.fr\/blm\/wp-json\/wp\/v2\/pages"}],"about":[{"href":"https:\/\/abbayebaumelesmessieurs.fr\/blm\/wp-json\/wp\/v2\/types\/page"}],"author":[{"embeddable":true,"href":"https:\/\/abbayebaumelesmessieurs.fr\/blm\/wp-json\/wp\/v2\/users\/2"}],"replies":[{"embeddable":true,"href":"https:\/\/abbayebaumelesmessieurs.fr\/blm\/wp-json\/wp\/v2\/comments?post=607"}],"version-history":[{"count":0,"href":"https:\/\/abbayebaumelesmessieurs.fr\/blm\/wp-json\/wp\/v2\/pages\/607\/revisions"}],"wp:attachment":[{"href":"https:\/\/abbayebaumelesmessieurs.fr\/blm\/wp-json\/wp\/v2\/media?parent=607"}],"curies":[{"name":"wp","href":"https:\/\/api.w.org\/{rel}","templated":true}]}}